4 = -5*m. What is the tens digit of m?
7
Suppose 4*m = 7 + 9. What is the units digit of (-6)/(-8) + 1/m?
1
Let l(y) = -y**2 + 8*y. Let m be l(8). Suppose -4*k + 8 = 24, m = -4*j - k + 16. What is the units digit of j?
5
Suppose -2*j = -q + 21, q = -5*j + 3*j - 15. What is the units digit of j/(-5) - (-2)/10?
2
Suppose 3*q - 5*m - 106 = 0, 3*q + 71 = 5*q - 3*m. Let g = q - 26. What is the units digit of g?
1
Let s(o) = 2*o**2 + 8*o + 4. Let b be s(-5). Let g = -7 + b. What is the units digit of g?
7
Suppose -3*z = -7*z + 5*d + 33, -3*d = 15. Suppose -4 - z = -3*j. Suppose j - 7 = -5*l. What is the units digit of l?
1
Let s(o) = -3*o - 2. Let f(u) = -u**3 + u**2 - 2. Let m be f(0). Let r be s(m). Let i(b) = 4*b - 4. What is the tens digit of i(r)?
1
Let v be (-5)/((-5)/4)*1. Suppose -3*j - v*y = -6, 2*j + 2*y - 2 = j. Suppose -3*m = 2*q - 29, m - 3*q = j*m - 19. What is the units digit of m?
7
Let c be 12/3 + (0 - 1). Let d = 25 + -20. Suppose 2*r + d*b + 6 = 0, 7 = c*r + 4*b + 2. What is the units digit of r?
7
Let c be (-3)/(-5) - (-215)/(-25). Let n = -5 - c. Suppose 0 = -f - 6*u + 2*u - 5, -f - n*u = 2. What is the units digit of f?
7
Let z(c) be the second derivative of c**8/6720 + c**6/720 + c**4/12 + c. Let b(p) be the third derivative of z(p). What is the units digit of b(1)?
2
Let i(t) = t**2 - t - 5. Let p be i(6). Suppose -3*r - p = -112. What is the units digit of r?
9
What is the units digit of (-7 + 99)*(-1)/(-2)?
6
Let y(u) = -60*u + 2. What is the units digit of y(-1)?
2
Let b be 10/2 + (-4)/(-2). Let n = -2 + b. Suppose n - 19 = -u. What is the tens digit of u?
1
What is the units digit of 2/15 + (-1340)/(-75)?
8
Let n(c) = 3*c - 1. Let v be n(1). Let q(a) = 2 - a + v*a**2 + 2*a + 0. What is the units digit of q(-2)?
8
Let f(k) be the first derivative of -k - 4 + 1/2*k**2 + 3*k**4 + 1/3*k**3. What is the tens digit of f(1)?
1
Let s(x) = -x**3 - 4*x**2 - 2*x - 2. Let t be s(-4). What is the units digit of (-16)/2*t/(-4)?
2
Suppose -2*l + 108 = -12. What is the tens digit of l?
6
Let k(q) = q + 14. Let y(b) = b**2 - 9*b + 8. Let l be y(6). What is the units digit of k(l)?
4
Let t be -1 - 1 - -1 - -9. Let o = t - -16. What is the units digit of o?
4
Let i(y) = -y**3 - 4*y**2 + 8*y + 2. What is the units digit of i(-6)?
6
Suppose 0 = 5*x + 5*t + 10, -t + 5*t = 12. Suppose -14 = 2*y + 20. What is the units digit of y/x + 8/(-20)?
3
Let n(g) = 3*g + 15. Let f(w) = 8*w + 44. Let a(j) = 4*f(j) - 11*n(j). Suppose 0 = -3*d + 5 + 19. What is the units digit of a(d)?
3
Suppose b = 5*y - 12, 2*b - 1 = y - 7. Suppose -3*t = y*w + 19, t - 2*w + w = -3. What is the units digit of (-3 - -7)*t/(-4)?
5
Let l be ((-8)/6)/((-2)/(-3)). What is the units digit of 0/(l/(-1)) - -3?
3
Suppose 7 = g - 0. Suppose 4*a - 1 = -17. Let f = g + a. What is the units digit of f?
3
Let g = -1 + 3. What is the tens digit of 10*(-6)/(-4) + g?
1
Suppose 5*g + 4*x = g + 148, 2*x = 0. Suppose 2*z + 5*f = -38 + 8, 5*z + g = -3*f. Let p(r) = -r**3 - 6*r**2 - 6*r + 6. What is the tens digit of p(z)?
1
Suppose -i + 7 + 12 = 0. Suppose -k + 32 = -3*x, 0 = 2*k - 4. Let s = i + x. What is the units digit of s?
9
Suppose -3*a + 18 = -2*a + 4*u, -40 = -2*a - 4*u. What is the tens digit of a?
2
Suppose -2*l - 6*m - 6 = -2*m, 5*m = 2*l + 33. Let d(z) = -z**2 - 11*z - 8. What is the units digit of d(l)?
0
Let g be (-656)/(-30) - 8/(-60). Suppose 6*o = 5*o + g. What is the tens digit of o?
2
Let g = 85 + -19. What is the units digit of g?
6
Suppose -2*i = -1 + 3. Let j(s) = -21*s. What is the tens digit of j(i)?
2
Suppose 4*g - 5*s - 23 = 0, 4*g + 2*s + 3*s + 7 = 0. Suppose g*o - 6*o - 20 = 0, 2*p + o = 17. What is the units digit of p?
1
Suppose -d = -5*d + 100. Suppose 0 = 3*u + 2*u - d. Suppose -u = -0*t - 5*t. What is the units digit of t?
1
Suppose 36 = -7*o + 8*o. What is the tens digit of o?
3
Let v = -56 - -40. What is the units digit of 1/(3 - v/(-6))?
3
Let v be 930/14 + (-9)/21. Suppose -t - 5*o + 51 = 0, 0*o + 3*o - 12 = 0. Suppose -5*s + 4*l + v + 13 = 0, 2*s - l = t. What is the units digit of s?
5
Suppose -2*p = -p - m + 8, 2*m = 3*p + 20. What is the units digit of ((-69)/9)/(p/12)?
3
Let v(f) = f**3 - 10*f**2 + 10*f - 6. Let d be v(9). Suppose 3*g + 8 = m, -7*g - 10 = -m - d*g. Suppose -3*c - m*c = -55. What is the tens digit of c?
1
Suppose 4*g = 2*g, 2*r - 2*g = 276. What is the tens digit of r?
3
Suppose -c + 9 = -4*c - 5*q, 0 = 4*c + 4*q + 4. Suppose -2*r + 34 - c = 0. What is the tens digit of r?
1
Let a = -4 + 8. Suppose a*z - 2*z = 10. What is the units digit of z?
5
Suppose 65 = 6*m - m. Let h = 8 - m. Let s = 7 + h. What is the units digit of s?
2
Let y be (-3284)/(-20) + 1/(-5). Suppose 3*t = 7*t - y. What is the units digit of t?
1
Suppose -16*g + 13*g = -600. What is the tens digit of g?
0
Let m = -60 + 135. What is the units digit of m?
5
Suppose -2*a + a + 111 = 2*v, 224 = 2*a + 3*v. Suppose -5*i + 3*p = -a, -i + 4*p + 4 = -2. What is the tens digit of i?
2
Let j(g) = 5*g**2 - 2*g - 1. Let m = -4 + 4. Let v = -1 - m. What is the units digit of j(v)?
6
Suppose -b = -0*b - 16. Let m = b + -11. Suppose -v = -m*v + 4. What is the units digit of v?
1
Let h be 2*(20/8 - 1). Suppose 2*l - 3*l + h = 0. What is the units digit of l?
3
Suppose -l + 381 = 4*s, 1326 = 4*l + 3*s - 198. What is the hundreds digit of l?
3
Let k be (80/(-25))/(1/(-30)). Suppose -2*w = w - k. What is the tens digit of w?
3
Suppose -2*u + 100 = -u. Suppose u - 288 = -4*p - 4*r, r = 5*p - 241. What is the units digit of p?
8
Let d(n) = 12*n - 15. What is the tens digit of d(7)?
6
Suppose 4*h = -12 + 88. Suppose s - 5*w = h, 3*s - 76 = -s - 4*w. What is the tens digit of s?
1
Suppose i - 4 = 5*i, 33 = -3*w - 3*i. Let t be w/3 + 2/(-3). Let j = t - -14. What is the units digit of j?
0
Let r(o) = -o**3 - 3*o**2 + 6*o + 7. Let x be r(-5). Let u = x - 10. What is the units digit of u?
7
Let l = 2 - -1. Suppose -d - 20 = -t + 12, t - 24 = l*d. What is the tens digit of t?
3
Let o(d) = -d**3 - 6*d**2 - d + 2. Let n be o(-6). Let s = -11 - -18. What is the units digit of (s/2)/(4/n)?
7
Suppose 2*d + 3*u + 0*u = 94, 232 = 4*d - 5*u. Suppose -d = -x + 4*o, -3*o - 10 = 2. What is the units digit of x?
7
Suppose 3*r + 9 = -r + 3*q, 0 = 5*r - 2*q + 6. Let j = r + 9. What is the units digit of j?
9
Let i(a) = -a**3 + 15*a**2 + 3*a - 26. What is the tens digit of i(15)?
1
Let m(u) = -u**3 - 6*u**2 + u - 1. Let f be m(-6). What is the tens digit of (-135)/f + (-20)/70?
1
Let o(s) = -2*s**3 - 3*s**2 - 4*s - 3. Let v be o(-2). Let f = -6 + v. Suppose 0 = 4*r - f*r - 9. What is the units digit of r?
9
What is the units digit of -57*(0 + -2)/2?
7
Let i = -27 - -38. Suppose 4*q + 3 - 15 = 0. Let l = i - q. What is the units digit of l?
8
Let d(j) = j**3 + 8*j**2 - 3*j - 4. What is the units digit of d(-8)?
0
Let b(l) = -3*l - 2. Let g(i) = -i + 2. Let s be g(9). What is the units digit of b(s)?
9
Suppose -5*r - 4*o = -o - 267, o - 208 = -4*r. What is the tens digit of r?
5
Let h = -83 + 119. What is the tens digit of h?
3
Suppose -485 - 55 = -5*i. What is the units digit of i?
8
Suppose -5*k - 3 = 12, k - 85 = -2*y. What is the tens digit of y?
4
Suppose -1 = -3*x - 2*y, -4*x - 4*y - 4 = -0*x. Suppose -i + 1 = x*s - 0, -5*i + 2*s + 56 = 0. What is the tens digit of i?
1
Let j be (2 - 1)/((-5)/55). Let m = 7 - j. What is the units digit of m?
8
Let d(s) = 8*s**2 - 4*s + 4. Let w be d(-4). Suppose 0*l - w = -4*l. What is the units digit of (-4)/16 + l/4?
9
What is the tens digit of (16/(-10))/((24/(-435))/8)?
3
Suppose -631 = 13*c - 5324. What is the hundreds digit of c?
3
Suppose 6*c + 120 = 9*c. What is the tens digit of c?
4
Suppose 8 = 2*j - 4*w, 3 = 4*j + 3*w - 2. Let n be j/6 - (-4)/6. Let t = n - -3. What is the units digit of t?
4
Let k(p) = 2*p**3 - p**2 - 2*p - 1. Let q be k(-1). What is the tens digit of q + (-87)/6*-2?
2
Let b = -47 - -217. What is the tens digit of b?
7
Let w(z) = -z**2 - 9*z - 5. Let a be w(-7). Suppose 0*b + 3*b = -a. Let j = 3 - b. What is the units digit of j?
6
Suppose -4*d - 11 - 5 = 5*p, 5*d = 5. Let x = p - 2. What is the units digit of (4/x)/((-2)/9)?
3
Let q(h) = -h + 8. Let c be q(9). Let x = 0 - c. Suppose g - 5 = x. What is the units digit of g?
6
Suppose -5*d 